6 is divided by w?
0
Suppose -2*c + 215 = -3*o, -457 = -4*c - 10*o + 7*o. Calculate the remainder when c is divided by 30.
22
Let d = -3 + 6. Suppose d = -a + 14. What is the remainder when a is divided by 4?
3
Let c = -4 + 18. Let l = c + -8. Suppose 5*a = -5*v + 100, -l*v - 5*a + 80 = -2*v. What is the remainder when v is divided by 11?
9
Let j(p) = 2*p**2 + 3*p + 10. What is the remainder when j(-4) is divided by 16?
14
Suppose 0 = -4*l - 1 - 11. Suppose a - 16 = -0*a. Calculate the remainder when a is divided by (-26)/l - 4/(-12).
7
Suppose 5*z - 8*z = -72. What is the remainder when z is divided by 9?
6
Let d be (-1)/(-5) + (-27)/(-15). Suppose -s = -3*k + 7, -10 + 0 = 3*s + d*k. Calculate the remainder when s/6 - 52/(-6) is divided by 3.
2
Suppose -5*i = -4*g + 909, 3*i + 1120 = -g + 6*g. Suppose -4*v + g = 37. Calculate the remainder when v is divided by 16.
14
Suppose -3*u + 14 = -u. Let k = -227 - -239. Calculate the remainder when k is divided by u.
5
Let l = -46 - -92. Suppose 16 = 2*t - 4*s, 2 = 2*t - s - 5. Suppose 97 = 4*a - r, 3*r - 47 = -2*a + t*r. Calculate the remainder when l is divided by a.
22
Let f = 9 + 57. Let q = f - 2. Calculate the remainder when q is divided by 13.
12
Let q = -64 + 115. Suppose 3*x = -0*x + q. What is the remainder when x is divided by 6?
5
Let t = 64 - 46. Calculate the remainder when t is divided by 4.
2
What is the remainder when 62 is divided by (24/(-14) - -2) + 305/35?
8
Let c = -7 + 14. Let z(w) = 2*w - 4. Let p be z(c). Let x = p - 5. Calculate the remainder when x is divided by 2.
1
Suppose -21 = -2*p + j, 3*j = 2*p - j - 24. What is the remainder when 37 is divided by p?
7
What is the remainder when 37 is divided by 2/14*137 - 6/(-14)?
17
Let u = 78 + -39. What is the remainder when u is divided by 21?
18
Suppose 2*j + j + 6 = 0, 4*r - 30 = -j. Let s be (1 - (-3)/(-2))*40. Let l = 35 + s. What is the remainder when l is divided by r?
7
Let a = 79 - 36. What is the remainder when a is divided by 11?
10
Suppose -3*t + 6 = 0, -u + 2*t - 192 = 3*u. Let a = 93 + u. Let g = a + -12. What is the remainder when g is divided by 9?
7
Let l be (3/2 + 0)*16. Let x = -16 + l. Let i(s) = 2*s**3 - s**2 + 3*s - 1. What is the remainder when x is divided by i(1)?
2
Suppose 0 = -4*q + 17 + 27. Let s(j) be the second derivative of 5*j**3/6 - 15*j**2/2 - 14*j. What is the remainder when s(q) is divided by 21?
19
Let o = 82 - 62. Calculate the remainder when 117 is divided by o.
17
Let y be 1 - 10*2/4. Let h be 155/3 + y/6. Suppose 0 = -2*c - 2*q + 20, -3*c + q + 3*q = -h. What is the remainder when 24 is divided by c?
11
Let u(w) = w**2 - 2*w + 1. Let j = 0 - -3. Suppose 0*o + 21 = j*o. Calculate the remainder when o is divided by u(3).
3
Let c = -2 - -2. Suppose 2*i - 100 = 2*d, 0 = i - c*i - 4*d - 50. Suppose -z = 4*z - i. What is the remainder when 18 is divided by z?
8
Let r(k) = k**3 + 2*k**2 - k. Let a = -12 + 10. What is the remainder when 4 is divided by r(a)?
0
Let s be 10 + (-3 - 6/(-3)). Let o = s + -6. What is the remainder when 8 is divided by o?
2
Let j(z) = 56*z - 2. Let n be j(2). Suppose 2*k - 9 - 54 = -3*u, -5*k = 5*u - n. What is the remainder when 75 is divided by u?
18
Let n(u) = -5 + 0*u + 0 - 10 + 2*u. Calculate the remainder when 26 is divided by n(12).
8
Let x = -61 - -162. Calculate the remainder when x is divided by 17.
16
Suppose -2*p + 437 = 413. Suppose 2*z - 5*d - 19 = 0, 38 = 5*z - 3*d - 57. Calculate the remainder when z is divided by p.
10
Let u(n) be the first derivative of n**4/4 - n**3 - 3*n + 5. Calculate the remainder when 23 is divided by u(4).
10
Suppose 0 = o - 2*o. Suppose -3*j + 8 = 2. Suppose 26 = j*z - o*z. Calculate the remainder when 38 is divided by z.
12
Suppose 0*p - 2*j = -4*p + 662, 2*j = 10. Suppose p = 6*m - 2*m. What is the remainder when m is divided by 11?
9
Suppose -4*u + 142 + 90 = 0. What is the remainder when u is divided by 15?
13
Suppose -3*g = -2*g - 2. Suppose g*u = 5*u - 4*h - 80, -5*u - 2*h = -168. What is the remainder when u is divided by 11?
10
Suppose 8 = 4*k, -x = -3*k + 8 - 29. What is the remainder when 76 is divided by x?
22
What is the remainder when (15/2 - 0)*2 is divided by 9?
6
Let s = -26 + 46. Suppose -f + s = f. Suppose -19 = -3*l - 1. What is the remainder when f is divided by l?
4
Let y(r) = -2*r - 6. Let z be y(-6). Suppose 2*c + 3*c - 18 = 3*g, -g - 5*c = z. Calculate the remainder when 17 is divided by 18/(-4)*8/g.
5
Let t(b) = 2*b - 5. Let x = 2 + 3. Let d be t(x). Let k(c) = -c**3 + 7*c**2 - 7*c + 1. What is the remainder when 47 is divided by k(d)?
15
Let p = 9 - -21. Calculate the remainder when p is divided by 11.
8
Calculate the remainder when 135 is divided by (-5)/10 + (-47)/(-2).
20
What is the remainder when ((-660)/100)/(3/(-10)) is divided by 12?
10
Let h(l) = -l**3 + 10*l**2 - 20*l - 2. Suppose 0 = 5*d + 5*b + 20, -6*d + 3*d = -4*b - 23. What is the remainder when h(6) is divided by 16/2 - (d + -1)?
6
Suppose -2*h - 91 + 99 = 0. Let i = 20 + -5. Calculate the remainder when i is divided by h.
3
Let s(k) = k**2 + 2*k - 3. Calculate the remainder when 15 is divided by s(2).
0
Let x = 10 - -5. What is the remainder when 127/3 - (-30)/45 is divided by x?
13
Let y = -4 - -7. Let o = 0 + y. Let r = 9 - o. Calculate the remainder when 11 is divided by r.
5
Let m(r) = -2*r**2 - 36*r - 1. Calculate the remainder when m(-12) is divided by 18.
17
Let l = 68 - 27. Let b(k) = -k**2 - 13*k + 10. Calculate the remainder when l is divided by b(-12).
19
Let q(d) = 7*d - 12. What is the remainder when 77 is divided by q(4)?
13
Let d(q) = -q + 6. Let f be d(0). Suppose -h = -f + 2. What is the remainder when (-2)/8 + 90/8 is divided by h?
3
Suppose -46*c - 91 = -5*s - 48*c, 0 = -5*s + 5*c + 105. Calculate the remainder when s is divided by (-2)/(-2)*-1*-7.
5
Suppose -33 = -3*x + 6. What is the remainder when 50 is divided by x?
11
Suppose -r + 2*k = -24, -2*k = -4*r + k + 86. What is the remainder when 58 is divided by r?
18
Let s(b) = b - 4 + 3*b - 3*b - 1. What is the remainder when 2 is divided by s(6)?
0
Suppose 0 = 4*b - j - 112, -3*b + 4*j = -2*b - 28. Calculate the remainder when b is divided by 8.
4
Suppose 2*j + 129 = 5*u, -3*u + 0*j + j = -77. Let m = u + -5. What is the remainder when m is divided by 11?
9
Suppose -200 = -8*n - 48. What is the remainder when 60 is divided by n?
3
Suppose -5*f = -0*f - 540. Calculate the remainder when -2 + 2*f/8 is divided by 13.
12
Let x = -7 - -112. Calculate the remainder when x is divided by 36.
33
Let q = 8 - 5. Let z = 4 - 1. Calculate the remainder when 4*2*(q + -2) is divided by z.
2
Let h(u) = -6*u - 1. Let a(j) = -2*j**2 + 0*j - 4*j**2 + j - j**3. Let p be a(-6). Calculate the remainder when h(p) is divided by 12.
11
Let i(d) = -d**2 + 16*d. Calculate the remainder when i(8) is divided by 11.
9
Let x = 53 + -24. Let b = x + -9. Calculate the remainder when 39 is divided by b.
19
Let a(g) = 11*g**3 + 10*g**2 + 3*g + 1. Let r(q) = 10*q**3 + 9*q**2 + 3*q + 1. Let t(z) = 5*a(z) - 6*r(z). Calculate the remainder when t(-2) is divided by 10.
9
Suppose 5*t - 38 = 12. Calculate the remainder when 27 is divided by t.
7
Let v(c) be the third derivative of -c**4/8 + c**3/6 - c**2. Let s(b) = 13*b**2 + b + 1. Calculate the remainder when v(-8) is divided by s(-1).
12
Let u = 71 - 59. Calculate the remainder when 47 is divided by u.
11
Suppose -30 = -2*m - 10. Calculate the remainder when m is divided by (2 - (-1 - 0)) + 6 + -5.
2
Suppose -31 = -0*c - c. Calculate the remainder when 152 is divided by c.
28
Let n(v) = v**2 - 2*v - 5 + 5*v + 6. What is the remainder when n(-8) is divided by (-35 + 7)*(-1)/2?
13
Let p = -125 + 152. What is the remainder when p is divided by 3?
0
What is the remainder when 40 is divided by 4/(-1*6/(-21))?
12
Suppose -5*s - 3*b = -0*b - 325, -s + 3*b = -47. Suppose -3*j = -2*p + 24 + 9, -3*p + 4*j = -51. What is the remainder when s is divided by p?
20
What is the remainder when 11 is divided by (2 - -3)*28/35?
3
Let v be (-1)/(-3) + 17/3. Let g(s) = 4*s + 8 + 0*s - 5*s + v. What is the remainder when g(0) is divided by 4?
2
Suppose -4 = -2*j + 32. Suppose d - 71 = -0*d. Calculate the remainder when d is divided by j.
17
Let i(g) = g**3 + 3*g**2 - 4*g +